+ k. Is c a composite number?
False
Suppose 12 + 3 = 3*y. Let i be 8/(-36) - (-328)/18. Suppose y*u = 197 + i. Is u a prime number?
True
Let r(x) = -3 - 1 + 6*x + 5. Is r(2) prime?
True
Suppose 3*l = -2*l. Suppose l = 2*x - 33 - 549. Is x a prime number?
False
Let x(l) = -l + 2. Suppose 6 = -2*z - 4. Let y be x(z). Suppose -4*n = -3*n - y. Is n prime?
True
Let u = -447 + 1291. Let v = u - 527. Let c = 528 - v. Is c composite?
False
Let v(f) = -10*f + 6. Let q be v(8). Let m = q - -108. Is m a prime number?
False
Let u be (-1)/(1/10*-2). Let n(v) = 5*v - 4. Let c be n(u). Is 2/7 + 1821/c a prime number?
False
Let h be 2*((-2)/(-4) - -1). Suppose -2*j = -5*q + 86, -37 = 3*j - 2*j - q. Is j/h*(0 - 1) prime?
True
Suppose 3*a + 3*d - 657 = 0, -2*d - 1111 = -5*a - 3*d. Is a prime?
True
Is ((-265)/(-4))/(13/52) composite?
True
Let j(l) = l**2 - l - 358. Let z be j(0). Let i = z - -617. Is i a prime number?
False
Let y(q) = q**3 - 4*q**2 + q - 4. Let x be y(3). Let g = x - -29. Is g a prime number?
True
Is (-4554)/(-48) + 1/8 a prime number?
False
Let s = 2 - -1. Let u = 68 - s. Is u prime?
False
Suppose 5*w + 685 = 6*w. Let i = -965 + w. Let r = i + 414. Is r prime?
False
Let g(w) = w - 2 - w + 7*w**2 + 0*w. Let y(x) = -6*x**2 + 3. Let z(v) = -4*g(v) - 5*y(v). Is z(-7) a prime number?
False
Let h = 106 + -15. Is h a composite number?
True
Suppose 3 = -2*d - 39. Let m = d + 56. Is m composite?
True
Is 255 + ((-4)/(-8)*-6 - -1) a composite number?
True
Let g(y) = y**3 + 2*y**2 - y. Let l be g(-2). Suppose 5*p = -f + 12, -3*p + l*f = 5*f. Suppose -4*s = -6*x + x - 47, -p*s + 42 = 3*x. Is s prime?
True
Let v = 235 + -124. Let i = -68 + v. Is i a composite number?
False
Let t(w) = w**3 + 3*w**2 - w + 4. Let k be t(-3). Let u(f) = 2*f**2 + 5*f - 2. Is u(k) prime?
True
Let h = 803 - 66. Is h a prime number?
False
Suppose 5*q = 65 - 15. Let m be ((-32)/6)/(2/(-6)). Suppose -q - m = -z. Is z a composite number?
True
Suppose -4*p = -4*r + 4, -2*r - 3*p + 2*p + 17 = 0. Suppose -5*z = 4*s - r, -6 = -3*s - 0*z - 3*z. Is s prime?
False
Let y(d) = d**3 - 11*d**2 - 9*d - 7. Let t be y(10). Let b = -10 - t. Is b composite?
True
Let n = -102 + 313. Is n a composite number?
False
Let l = 44 + -20. Let h = -30 - -83. Let f = l + h. Is f prime?
False
Let l(p) = 2*p**2 - p + 1. Is l(6) a composite number?
False
Let u(n) = -121*n**2 - 5*n - 4. Let k be u(-3). Let p = -563 - k. Is p a prime number?
False
Is (-1045)/(-10)*6 - -4 a composite number?
False
Suppose -w + 6067 = -a + 3*a, -5*a + 30330 = 5*w. Is w composite?
True
Suppose 4*l = 8, 0 = -3*t - t - 4*l + 8. Suppose t = 5*n - 40 - 10. Is n a composite number?
True
Suppose -x = 7*x + 288. Let q be (1/(-3))/((-3)/549). Let b = x + q. Is b composite?
True
Suppose 14*y - 11*y - 1041 = 0. Is y prime?
True
Let p = -22 + 39. Suppose 8 = 5*w - 2*n - p, 2*w - 4*n - 26 = 0. Is ((-122)/w)/(4/(-18)) a prime number?
False
Let a(r) = -r**3 + 2*r**2 - 4*r + 3. Let g(n) = -n. Let d be g(-2). Let z be a(d). Is (-136)/(-10) - 2/z prime?
False
Suppose 49 = 3*y - 533. Is y prime?
False
Let n(u) = -127*u + 10. Let s be n(-10). Suppose -195 - s = -5*g. Is g prime?
False
Let h be (-1 + 0)*(-6 + 14). Let y = h + 30. Is y a prime number?
False
Suppose 3*b - 5*a - 3763 = -a, 5*b = 3*a + 6268. Suppose 4*c + b = 5*i, 3*c + 2*c = 3*i - 744. Is i prime?
False
Suppose -2*c - 2*t - 2 = 0, -5*c + 3*c + 4 = -4*t. Suppose c*b - 4*b + 40 = 0. Is b a composite number?
True
Let x(j) = 3*j**2 + 5*j + 4. Is x(-9) a composite number?
True
Let g(d) = 15*d + 10. Is g(5) composite?
True
Suppose 3*s + 9 = -4*u - 9, 4 = u + 5*s. Let r be (-23)/3 + (-4)/u. Let a = 22 + r. Is a composite?
True
Suppose -p - 4*p + 125 = 0. Suppose 6*v - v = p. Suppose -2*c + 179 = -3*y, -v*c + 3*y + 2*y + 435 = 0. Is c a composite number?
True
Let p(n) = 7*n**3 + 2*n - 4. Let b(o) = 8*o**3 + 3*o - 5. Let r(z) = 3*b(z) - 4*p(z). Let q be r(-1). Suppose 2*w + 0*w = -v + 24, -q*w - 62 = -3*v. Is v prime?
False
Let s(u) = u**2 - 26*u + 51. Is s(26) a composite number?
True
Let k(w) = -w**3 + 6*w**2 + 3*w + 5. Is k(-6) a composite number?
False
Let y = 844 - 161. Let b = y + -429. Is b prime?
False
Suppose 0 = 5*n + 5*v - 1 - 14, -4*v = 0. Suppose -2*t - n*t + 120 = 0. Suppose 2*f = -a + 33, 5*a - t = -4*f + 153. Is a prime?
True
Suppose -2 = n - 1. Is (n + 0)*(-125 - 2) composite?
False
Let p = 433 - 36. Is p a composite number?
False
Suppose q + x = -1, -3*q + 4*x = -0*x - 25. Suppose 2*i + 5*d + 31 = 0, -i = q*i + 4*d + 32. Let u = i - -5. Is u a composite number?
False
Suppose -45*b + 46*b = 59. Is b prime?
True
Let l be (10 + -4)/(3/(-4)). Is (1 - -124) + l/4 composite?
True
Let m(l) = -5*l**3 + 2*l**2 - 4*l - 6. Is m(-7) prime?
False
Suppose -3*u + 412 - 2850 = -5*m, 3*u = -5*m + 2432. Is m a prime number?
True
Suppose 6*f - 3*f = -543. Let t = 122 + f. Let p = t + 126. Is p composite?
False
Let d = 1591 + -1083. Suppose -5*y + y = -d. Is y composite?
False
Let s be (9/3)/(6/8). Let w(c) = -7*c**2 + 3*c + 1. Let r(u) = -3*u**2 + 2*u. Let k(l) = s*w(l) - 9*r(l). Is k(-3) composite?
False
Let c = -1801 - -3308. Is c a composite number?
True
Let n(l) = -3*l**3 + 2*l + 1. Let y be n(-1). Suppose -3*g + 2438 = -0*u - 4*u, -3*g = -y*u - 2428. Suppose 5*x = -61 + g. Is x prime?
True
Is -1 - (-2)/2*135 a composite number?
True
Let q = 3979 - 2086. Is q a composite number?
True
Suppose -d - 3*r - 39 = -4*d, -4*r - 4 = -d. Let y = 201 - d. Is y a prime number?
False
Let g = 141 + -290. Let y = g - -352. Is y composite?
True
Let l be 30/8 - 8/(-32). Suppose -2*p = b - 123, 4*p - 5*p = b - 119. Suppose b + 97 = l*y. Is y a prime number?
True
Let q = 48 - 14. Is q prime?
False
Let n = -3166 - -5103. Is n a prime number?
False
Suppose 4447 = 3*h - 4*c, h - c - c = 1485. Is h a prime number?
False
Let l(n) = -n**3 + n**2 + 8*n + 17. Is l(-8) a prime number?
False
Let s(o) = 2*o**2 + 17*o - 26. Let u(d) = -d**2 - 8*d + 13. Let n(j) = -4*s(j) - 9*u(j). Is n(10) a composite number?
False
Is ((-25)/(-20))/5*1388 prime?
True
Suppose 4*h + 11 = -5*j, -j + 4*h + 17 = -0*j. Is (1/(-3))/(j/(-237)) a prime number?
True
Let z = 19 + -16. Suppose 0 = -z*q - 193 + 454. Is q a prime number?
False
Suppose -2*w - 5*h + 371 = -4*h, 2*h = w - 183. Is w prime?
False
Suppose 2*k - 8 = -2*k - 2*d, 3*k = -3*d. Suppose -r - 4*r - 1657 = -k*s, -5*r + 408 = s. Is s a composite number?
True
Let z(i) = -13*i**3 - i**2 + 5*i + 4. Is z(-3) a composite number?
False
Suppose -1605 = -4*r + 355. Suppose 370 + r = 4*c. Is c a prime number?
False
Let w(h) = -3*h**3 + 2*h**2 + 4*h + 2. Suppose 0 = -3*y + s - 3, 0*y - 9 = -4*y - 3*s. Let o be (1 + y - -2)/(-1). Is w(o) prime?
True
Is 2 - -163 - (-1 - -3) a composite number?
False
Is ((-2 + 1)/1)/((-3)/789) a composite number?
False
Let x = -115 + 194. Is x composite?
False
Let z = 3522 - 2365. Is z composite?
True
Suppose -a = -4*f - 0*a - 647, -3*a = 3. Is 2 - f - (-6)/(-2) a composite number?
True
Let p(l) = -l**2 - 18*l - 13. Let n(w) = w**3 + 7*w**2 + 2*w + 4. Let k be n(-7). Is p(k) a composite number?
False
Let v(b) = -b**3 - 6*b**2 + b + 2. Let r be v(-4). Suppose 3*k - 45 = 4*w + 48, k - 31 = -3*w. Let u = k - r. Is u composite?
True
Let u(s) = -4*s**3 + 1. Let t be u(1). Suppose -w = -0*q + 3*q + 2, w - q = 2. Is w*10*t/(-2) a composite number?
True
Let o(d) = 10*d**2 + 6. Let x be o(6). Suppose -y + x - 47 = 0. Is y a composite number?
True
Let u(v) = v. Let c(n) = -49*n + 1. Let x(f) = c(f) - 5*u(f). Is x(-2) a prime number?
True
Let f = -33 - -67. Is f a prime number?
False
Let d = -982 + 1425. Is d composite?
False
Suppose 0 = w - 1 + 2. Is 9*(-20)/(-3) + w a composite number?
False
Suppose -4*u - 1858 = -6*u. Is u a prime number?
True
Suppose 4*d + 6 + 2 = 0. Is (21/(-6))/(d/68) composite?
True
Suppose -4*y = -5*x - 132, 2*x + x + 5*y + 57 = 0. Suppose -3*z - 4*u = -0*z - 1, 0 = -5*z + 4*u - 41. Let t = z - x. Is t prime?
True
Let m be (-6)/21 - 30/(-7). Suppose 2*p - 2 = 0, 54 = k + m*p - 185. Is k a prime number?
False
Let o(w) = 14 + 0*w + 3*w - 4*w. Suppose 0 = 3*l - 2*h - 18, -l + h = -3*l + 19. Is o(l) a prime number?
False
Suppose 155 = -14*d + 19*d. Is d composite?
False
Suppose 32 = 2*u + 3*h - h, 10 = u - 2*h. Suppose 0 = -2*f - 2*r - 0 + u, -5*r + 19 = f